- 1 - 1/3*j**3 + 9*j. Give o(7).
2
Let w(y) = 2*y**2 + 198*y + 760. Let r be w(-95). Let i(x) = -x + 2*x**3 - 4 - x**3 + 12. Determine i(r).
8
Suppose 19*s - 3 = 22*s. Let t be 0/s + (15 - 10). Let r(v) = 2*v - 5. Calculate r(t).
5
Let u = -1 + -3. Let n be u/(-10) - 320/50. Let d(m) = -m**2 - 8*m - 9. Let j(s) = -s**2 - 8*s - 9. Let c(a) = 4*d(a) - 5*j(a). Calculate c(n).
-3
Let x(h) = h + 7. Let r be (7/(-3))/((-6)/(-23 + 5)). Determine x(r).
0
Let z(j) be the second derivative of 0 - 11*j - 2*j**2 - 1/6*j**3. Determine z(-3).
-1
Suppose -4*b - 4*m + 10 = b, 5*m = 3*b - 6. Let o(i) = 2*i**b + 174*i + 0 + 0 - 178*i. Let y(z) = 3*z**2 - 7*z. Let g(f) = -7*o(f) + 4*y(f). Calculate g(-1).
-2
Let r(w) be the third derivative of -w**4/24 + w**3 - 4869*w**2. Suppose -2*l + 2 = 0, 3*k - 25 = -k - 5*l. Determine r(k).
1
Let r(l) = 14 - 4*l - 2*l**2 - 13 - 3. Determine r(-2).
-2
Let q be (1/(-3))/((-11)/99). Let t be q/12 - 1/4. Let a(s) = 1 + 2*s + t + 1. What is a(-5)?
-8
Let m = 11 + -9. Let k(o) = -5*o - 5 + m*o + o**2 - 2*o. Suppose p + 0 = 6. Determine k(p).
1
Let w be 0/(3/(-1) + 3 + -2). Let r(q) be the first derivative of -q**3/3 - q**2/2 + 18*q + 3. Calculate r(w).
18
Let f(c) = 6*c**3 - 4*c**2 + 9*c + 10. Let s(z) = 5*z**3 - 3*z**2 + 8*z + 8. Let n(y) = -6*f(y) + 7*s(y). Calculate n(4).
-12
Let d(l) = -12*l**3 - 11*l**2 + 9*l - 9. Let s(m) = 6*m**3 + 5*m**2 - 4*m + 4. Let f(x) = -4*d(x) - 9*s(x). Calculate f(-1).
5
Let o be (20/(-16))/((-1)/4). Suppose o*m - 14 = 11. Let l(y) = -y**2 + 5*y + 7. What is l(m)?
7
Let k(o) = 6*o + 1. Let g(x) = 3*x + 14. Let b be g(-7). Let q be (b + 114/18)/((-2)/12). Determine k(q).
25
Let x be (-112)/(-42) + (-2)/(-6). Let f(a) = 3*a + a + 2*a + x. What is f(3)?
21
Suppose -p + 3 = 0, -2*h = 2*h - 4*p - 72. Let l = -7 + h. Suppose -l - 4 = 3*k. Let u(j) = -j**2 - 7*j - 5. What is u(k)?
1
Let r(x) = -3 - 14*x + 2*x - 3*x**2 + 4*x + 6*x. Give r(-2).
-11
Let b(z) be the first derivative of 8*z**3/3 + z + 77. Determine b(1).
9
Let d(a) be the first derivative of 5*a**4/24 + a**3/6 - a**2/2 - 22. Let s(k) be the second derivative of d(k). Give s(-4).
-19
Suppose -z - 204 = 3*z - 4*p, 0 = -5*z - 4*p - 228. Let v = 40 + z. Let u(a) = -a**3 - 9*a**2 - 5*a - 5. Calculate u(v).
-29
Let q(x) = 702 + 0*x - 352 + 5*x - 353. Calculate q(3).
12
Let v(r) = -9 - 1 - 7*r + 4*r + r**2 + 11. Determine v(5).
11
Let g(h) = -h**2 + 7*h - 7. Let o = -992 - -999. What is g(o)?
-7
Let r be (8/2)/(-2)*27/6. Let x(y) = -y**2 - 11*y - 3. What is x(r)?
15
Suppose 0 = 4*w + 2*p - 5*p - 65, 62 = 4*w - 2*p. Let g(m) = 5*m + 8*m - w*m. Determine g(-2).
2
Let x be 2 + -4 + 0 + (-12)/(-3). Suppose -3*m - x + 14 = 0. Let f(h) be the third derivative of h**5/60 - h**4/6 + 2*h**3/3 + h**2. What is f(m)?
4
Let l(g) = g**2 - 23*g - 30. Let m(n) = 3*n**2 - 47*n - 57. Let a(p) = -5*l(p) + 2*m(p). Determine a(-19).
-2
Let x be -34 + 0*(3/(-2) - -1). Let n = -41 - x. Let w(o) = -o - 3. Give w(n).
4
Let m(f) = 158 + f**3 + f + 154 - 2*f**2 - 312. Calculate m(3).
12
Let v(b) be the third derivative of -b**6/120 + b**5/6 - 11*b**4/24 + 13*b**3/6 - 94*b**2. What is v(9)?
-5
Let s(h) = -4*h**2 - 5*h - 3. Let o(f) = f**2 - f - 1. Suppose 0 = -2*r - r + 18. Let x be 0/r - (-1 + 2). Let c(z) = x*s(z) - 3*o(z). What is c(-6)?
-6
Suppose -v = 4*d + 27, 8 = v - 6*d + 3*d. Let n(x) = -x - 14. What is n(v)?
-7
Let v(y) = 13*y**3 - 7*y**2 - 30*y - 15. Let w(a) = -3*a**3 - a**2 + a + 2. Let o(b) = v(b) + 4*w(b). Give o(13).
-7
Let m(d) be the first derivative of -d**3/6 - 8*d + 8. Let j(o) be the first derivative of m(o). Give j(-2).
2
Let l(g) be the first derivative of g**4/24 + g**3/2 + 15*g**2/2 - 22. Let u(v) be the second derivative of l(v). Calculate u(-10).
-7
Let y(f) = 14*f**2 + 32*f + 24. Let k(u) = 12*u**2 + 32*u + 25. Let h(t) = -6*k(t) + 5*y(t). Give h(-15).
0
Suppose 24 = 4*i + 2*v, -4*v = -20*i + 21*i + 1. Let d(m) = m**2 - 7*m - 2. What is d(i)?
-2
Let i(l) = -l**3 - 6*l**2 + l + 4. Suppose 2*b + b - 27 = 0. Let c = 12 - b. Let r(y) = y**2 - 6*y + 3. Let o be r(c). What is i(o)?
-2
Suppose 10 = -2*g, 0*g + 2*g = -5*a - 20. Let i be -3 + 5 + (-2 - a). Let o(u) = 3*u + 5*u**i - 3*u + 0 - u**3 - 2. Determine o(2).
10
Suppose -20*b = -45*b + 25. Let q(t) = 6*t - 3. What is q(b)?
3
Suppose -24*a + 27*a = 0. Suppose a = -3*b + 5*b + 16. Let p(q) = -8*q + 8*q - q - 5. What is p(b)?
3
Let m(j) = -j**2 + 11*j - 8. Let k be m(10). Let l be 3 - -3 - k - -2. Suppose -4*c - 2*v - v = -8, 3*c + 5*v = l. Let y(x) = 2*x**2 - 2. Determine y(c).
6
Let z(u) = 3*u - 18. Suppose 5*w - b - 90 = -44, -3*w = b - 34. Calculate z(w).
12
Let j be (-4)/((-16)/(-5))*52. Let m be ((-4)/10 - 26/j)/(-2). Let u(x) = -x + 5. Determine u(m).
5
Suppose 2*f + 0*h = -3*h + 11, 2*f - 16 = 2*h. Let x(l) = l**2 - 7*l + 9. Give x(f).
9
Let g(l) = -5*l**3 + 3*l - 2. Let w be g(1). Let f be w/2 + (3 - 1). Let v(u) = 27*u - 5 + 3 + f - 25*u. Give v(-2).
-6
Suppose 4*i + 37 = 5. Let t(g) be the third derivative of -g**4/24 - 7*g**3/6 - 6902*g**2 + 2. Give t(i).
1
Let b(i) = -10*i**2 - 11*i + 3 - 8*i**2 - 2*i**2 + 1 + 19*i**2. Give b(-10).
14
Suppose -5*x + 2*b - 7 - 1 = 0, 0 = -b + 4. Suppose 0 = 3*r - 4*r - 2*z + 11, -4*z - 5 = -r. Let i(u) = -u - 3*u + 0 + r + 3*u. Determine i(x).
9
Let b(g) = -14*g + 11 - 10 + 18*g + 8. Give b(-8).
-23
Suppose 14 = l - 3*v, 0 = -4*l + v + v + 16. Let m be 22/4 - (54/(-12))/(-3). Let z(n) = -2*n**l + n**2 + 0 + 5*n + m + 2*n**2. What is z(-5)?
4
Suppose -3*m + 4*m + 4 = 0. Let s = -6 - m. Let q(a) = -7*a**2 + 4*a - 2. Let r(j) = -12*j**2 + 7*j - 3. Let v(g) = -5*q(g) + 3*r(g). Determine v(s).
-5
Suppose -y - 4*d + 94 = 0, 5*y = -2*d + 381 + 71. Suppose y*r + 6 = 89*r. Let m(n) = n**3 + 6*n**2 + n + 8. Calculate m(r).
2
Let k(g) be the first derivative of -g**4/4 - 7*g**3/3 - 2*g**2 + 8*g - 80. Let x(a) be the second derivative of -a**3/6 - a**2/2 + a. Let c be x(5). Give k(c).
-4
Let c(s) = s**3 - 12*s**2 - 12*s - 13. Let o be c(13). Suppose -2*m + o*m = -16. Let y(r) = m*r + 14*r - 6 - 20*r. Determine y(6).
6
Let c(h) be the second derivative of h**3/6 - h**2 + 364*h. Let w(z) = 2*z + 1. Let t be w(-3). Calculate c(t).
-7
Suppose -6*t + 7*t - 2 = 0, 0 = 3*i + 2*t - 22. Let c(d) = -d**3 + 6*d**2 - 1. Calculate c(i).
-1
Let n(v) = -3*v**2 + 12*v + 19. Let y be n(5). Let w(c) = c**2. Calculate w(y).
16
Suppose 0*m = 2*m + 12. Let x(q) = -8*q**2 + 4*q + 38 - q**3 - 39 + 3*q**2. Calculate x(m).
11
Let s(u) = 7*u + 28. Let a be s(-5). Let q(f) = -9*f - 61. Let m be q(a). Let v(k) = 3*k - 4. Let w(c) = 7*c - 9. Let i(o) = -9*v(o) + 4*w(o). Determine i(m).
2
Let n(i) = -4*i - 10 + 0*i + 16 - 4. Give n(-2).
10
Let g(q) = -q**2 - 12*q - 12. Let c be g(-11). Let k = 7 + c. Let h(i) = 0 + i**2 - 4*i - 2*i + 5. Give h(k).
5
Let u(y) = -y**3 + 4*y**3 - 1 + 2*y**3 + 2*y**2 - 7*y**3. Let a(h) = -h**3 + h. Let s(n) = 3*a(n) - u(n). Calculate s(-4).
21
Suppose 26*v + 30 = 21*v. Let b(q) = -q**2 - 2*q + 12. Determine b(v).
-12
Let h be (-2)/(-10) - 0 - (-76)/20. Let z(i) = -i**2 + 2*i + 2. Calculate z(h).
-6
Let o(g) = 6*g + 11. Let k(u) = u. Let x be k(6). Let c(w) = -w - 2. Let s(b) = x*o(b) + 34*c(b). Let z = 30 + -26. What is s(z)?
6
Let c be -12*(2/12)/(2/6). Let b(z) = -z**2 - 10*z - 7. Determine b(c).
17
Let r(s) = s + 14. Let h be r(-10). Suppose 2*j = -5*k + 69 - 13, 142 = h*j - 5*k. Suppose 4*i + 10 - j = -3*a, 2 = i. Let v(x) = x - 1. What is v(a)?
4
Let l(w) = -5*w**2 - 13*w - 4. Let p(x) = 9*x**2 + 26*x + 7. Let q(v) = -7*l(v) - 4*p(v). Give q(-13).
0
Let f be 4 - -3*(-4)/(-12). Let y(h) = -h + 117*h**3 - 2 - 57*h**3 - 59*h**3 - 5*h**2. Determine y(f).
-7
Suppose -31*n + 5 = -30*n. Let a(k) = -6*k + 22. Calculate a(n).
-8
Let i(g) = -g**3 + 7*g**2 - 4*g - 5. Let h be i(6). Let r(n) be the second derivative of n**4/12 - n**3 + 3*n**2/2 + n - 523. Determine r(h).
10
Let k(p) = p**2 - 2*p + 32. Let l = -339 + 339. Give k(l).
32
Let t(c) = 2*c - 32. Suppose 6*x = 3*x + 3*m + 45, -3*x = 4*m - 59. Let l be t(x). Let q(u) = -2*u**2 - 2. What is q(l)?
-10
Suppose -w - 1 = 2*g, -3*w + 5*g = -0*w - 19. Let u(z) = 6*z + z**2 - w*z**2 + 3 + 3*z**2. Suppose -2*m = 5*m + 35. Give u(m).
-2
Let o be 24/15*(-90)/(-4). Let g = 32 - o. Let c(s) = s**2 - 1. Give c(g).
15
Let w(p)